{"id":72,"date":"2015-06-20T14:16:44","date_gmt":"2015-06-20T13:16:44","guid":{"rendered":"http:\/\/www.nportais.org\/?page_id=72"},"modified":"2015-07-05T20:38:36","modified_gmt":"2015-07-05T19:38:36","slug":"cart","status":"publish","type":"page","link":"https:\/\/www.nportais.org\/?page_id=72","title":{"rendered":"Mon Panier"},"content":{"rendered":"<p><strong>[woocommerce_cart]<\/strong><\/p>\n<p>Chaque commande sera accompagn\u00e9e d&#8217;un <strong>certificat d&#8217;authenticit\u00e9<\/strong> et d&#8217;un <strong>certificat ArtTrust<\/strong>.<\/p>\n<p>Le d\u00e9lai de fabrication est de une \u00e0 deux semaines.<\/p>\n","protected":false},"excerpt":{"rendered":"<p>[woocommerce_cart] Chaque commande sera accompagn\u00e9e d&#8217;un certificat d&#8217;authenticit\u00e9 et d&#8217;un certificat ArtTrust. Le d\u00e9lai de fabrication est de une \u00e0 deux semaines.<\/p>\n","protected":false},"author":1,"featured_media":0,"parent":0,"menu_order":0,"comment_status":"closed","ping_status":"closed","template":"","meta":[],"_links":{"self":[{"href":"https:\/\/www.nportais.org\/index.php?rest_route=\/wp\/v2\/pages\/72"}],"collection":[{"href":"https:\/\/www.nportais.org\/index.php?rest_route=\/wp\/v2\/pages"}],"about":[{"href":"https:\/\/www.nportais.org\/index.php?rest_route=\/wp\/v2\/types\/page"}],"author":[{"embeddable":true,"href":"https:\/\/www.nportais.org\/index.php?rest_route=\/wp\/v2\/users\/1"}],"replies":[{"embeddable":true,"href":"https:\/\/www.nportais.org\/index.php?rest_route=%2Fwp%2Fv2%2Fcomments&post=72"}],"version-history":[{"count":6,"href":"https:\/\/www.nportais.org\/index.php?rest_route=\/wp\/v2\/pages\/72\/revisions"}],"predecessor-version":[{"id":259,"href":"https:\/\/www.nportais.org\/index.php?rest_route=\/wp\/v2\/pages\/72\/revisions\/259"}],"wp:attachment":[{"href":"https:\/\/www.nportais.org\/index.php?rest_route=%2Fwp%2Fv2%2Fmedia&parent=72"}],"curies":[{"name":"wp","href":"https:\/\/api.w.org\/{rel}","templated":true}]}}